ppose 0 = 5*b - 1 - j. Calculate the greatest common factor of b and u.
1
Let m(g) = 4*g**2 - 4*g + 14. Let s be (4 - (1 + -3)) + 2. Let x be m(s). Suppose 2 - 7 = j, w - 9 = -5*j. What is the highest common factor of w and x?
34
Let a be (3 + 5 + -15)*96/(-14). Suppose 5*w - a = -3*w. Suppose -w = -i - 4. What is the greatest common factor of i and 2?
2
Let u be 21158/12 - 13/78. Let j = u - 1137. Suppose -10*m = -1676 + j. Calculate the greatest common divisor of m and 42.
21
Let a(p) = 8*p**2 + 13*p + 31. Let s be a(7). Let k = s - 144. What is the greatest common factor of k and 37?
37
Let r(g) = g**3 - 6*g**2 + 7*g + 14. Let v be r(4). Let k be ((-16)/v)/(1/(-50)). What is the greatest common divisor of k and 70?
10
Let h(i) be the second derivative of i**3/6 + 5*i**2 + 28*i. Suppose -5*y = -0 + 30. Let c be h(y). What is the highest common factor of c and 12?
4
Let l = -3582 + 3766. Calculate the highest common factor of 584 and l.
8
Let p be (-18)/15*4875/(-30). Suppose 2*u - p = u. What is the greatest common factor of 26 and u?
13
Suppose -82*w + 3688 = 490. What is the highest common divisor of 65 and w?
13
Let v = 854 - -49. Calculate the greatest common divisor of 774 and v.
129
Suppose 5*f + 10*r = 5*r + 3285, 4*r = -5*f + 3288. Let x = f - 630. What is the highest common factor of 450 and x?
30
Suppose 3*r = -0*g - 4*g + 155, 2*g - 221 = -5*r. Calculate the highest common divisor of 48503 and r.
41
Let m = 113 + -69. Let p be (-87)/(-58)*3*4/6. Suppose -p*s + m + 4 = 0. Calculate the highest common divisor of 64 and s.
16
Suppose 189 = 8*j - 331. What is the highest common divisor of j and 10?
5
Let v(j) = 3*j - 6. Let a(d) = 8*d - 18. Let y(l) = 6*a(l) - 17*v(l). Let w be y(-6). Let k = -34762 + 34798. Calculate the highest common factor of w and k.
12
Let t be (0 + 1/3)/(1/24). Suppose 4*v - 149 = -3*n - 42, 0 = v - 3*n - t. Calculate the greatest common factor of 92 and v.
23
Suppose -1351 = -a - 756. Let x be 2/4*7*170/17. Calculate the highest common divisor of a and x.
35
Let k be 20/(1280/24) - 11319/(-24). What is the highest common factor of k and 16756?
236
Let o = 59148 - 59144. Let g(p) = 16*p - 4. Let b be g(5). What is the highest common divisor of o and b?
4
Suppose 3*s = -d + 1153, 2*d - s = -143 + 2442. What is the highest common divisor of d and 92?
46
Let o be -3*(-4)/6 + 9047. Suppose -23*c = -o - 6361. What is the greatest common factor of c and 67?
67
Let h be 1/15*27 + (-1551)/(-55). Calculate the greatest common factor of 590 and h.
10
Suppose 0 = -76*c + 75*c + 2*p + 47, -4*c + 201 = 5*p. Calculate the greatest common factor of c and 33026.
49
Let x(w) = -2*w**3 + w**2 + 2*w + 4. Let q be x(2). Let p be (-43)/q - (-26)/104. What is the greatest common factor of 11 and p?
11
Let j(m) = -m**2 - 14*m + 14. Let i be j(-15). Let g(b) = -72*b - 18. Let h be g(i). Calculate the highest common divisor of 702 and h.
54
Let z be (-4)/(3/((-2676)/16)). Let c = z - 188. Let a be ((-42)/12)/((-3)/24). Calculate the highest common factor of c and a.
7
Suppose 2*d + 48 = 2*w, 0 = w - 4*d - 12 - 15. Let g = 173 - w. Let f(i) = 5*i**2 - 4*i - 4. Let q be f(4). What is the greatest common divisor of g and q?
30
Suppose -6*n = 2*n - 40. Suppose -51*l + 1034 = -1771. What is the highest common divisor of n and l?
5
Suppose 4*u = 26 + 210. Let l(d) = -4266*d + 38453. Let y be l(9). What is the greatest common factor of u and y?
59
Let w = 5301 - 5285. Calculate the greatest common divisor of 2384 and w.
16
Let u be (11/5 + -11)*115/2. Let x = u - -801. Calculate the highest common factor of x and 5.
5
Suppose 3*t - 18 = x, 0*t - 4*t - 3*x = -11. Let z(a) = -18*a. Let c be z(1). Let d be (-4)/c + 1565/45. Calculate the highest common divisor of d and t.
5
Let d be 14/14 + (-1 - -10). Let s be 724/d + 70/(-175). Calculate the greatest common factor of s and 264.
24
Let m(b) = -12*b**2 - 3*b + 10. Let x be m(-4). Let v = 188 + x. What is the greatest common divisor of 306 and v?
18
Let x(u) = 10*u - 84. Let p be x(-7). Let h be (3/(-7))/((-88)/p)*-56. What is the highest common divisor of 12 and h?
6
Let x be 3*2/48*104. Calculate the highest common factor of x and 3328.
13
Let i = 11951 + -11692. What is the greatest common factor of i and 112?
7
Suppose -7*y + 970 = -577. Let g = 227 - y. What is the greatest common factor of g and 2?
2
Suppose -1221*i + 313 = -32914 + 7586. Let l(c) = 2*c**3 - 8*c**2 - 9*c. Let k be l(7). Calculate the greatest common divisor of i and k.
21
Suppose d + 4*i - 567 = 0, -5*d + 2856 = -13*i + 12*i. Let k = d + -560. What is the highest common factor of 253 and k?
11
Let m(f) = -23*f**2 + 32 + f + 2*f**3 - 3*f**3 - 5*f - 19*f. Let h be m(-22). Calculate the highest common divisor of 864 and h.
54
Let m(o) be the second derivative of 3*o**5/20 - 23*o**4/12 + 10*o**3/3 + 3*o**2/2 - 2*o + 28. Let w be m(9). Calculate the greatest common divisor of 39 and w.
39
Let o be ((-375)/84 + (-4)/14)*40. Let w = 205 + o. Calculate the highest common factor of 195 and w.
15
Let u(t) be the third derivative of 0*t + 0 + 1/12*t**4 - 5*t**2 + 5/3*t**3. Let r be u(6). What is the highest common factor of r and 33?
11
Suppose b - 310 = 2*n, 233*n - 230*n = 4*b - 1250. What is the highest common factor of 2669 and b?
157
Let r be (-198)/(45/5)*1/(-2). Let b be (-2)/(-9) + 1090/(-45). Let t = -13 - b. What is the highest common factor of t and r?
11
Let g(z) be the second derivative of 4*z**3/3 + 7*z**2 + 46*z. Let u be g(3). What is the highest common divisor of 38 and u?
38
Suppose 329 = 3*t + 4*z, -7*t + 8*t - 95 = -5*z. Let j = t - 5. What is the highest common factor of j and 10?
10
Suppose 3766 = -2*y + 16*y. Suppose 2*h = y - 101. Suppose -123 = -3*o + 45. Calculate the greatest common factor of o and h.
28
Suppose -90*z = 50*z - 142038 - 123682. What is the highest common factor of 169 and z?
13
Let a = -318 - -322. Suppose 6*f - 2*h + 36 = 9*f, 3*f + a*h = 36. Calculate the highest common factor of f and 39.
3
Suppose -4*f - 28 = -196. Suppose 0 = 4*s + t + 1253 - 4453, 0 = s - 4*t - 766. Calculate the highest common factor of s and f.
42
Let v = 14624 - 14213. What is the highest common divisor of v and 685?
137
Let p be -306*(-4)/4 + -2. Let x be (-38)/(-3)*(-207)/(-138). Calculate the greatest common divisor of p and x.
19
Suppose 2*w + 4*i = 64, -5*w + 2*i + 447 - 371 = 0. What is the greatest common factor of 330 and w?
6
Suppose -4*d + 3*u = -18, -u - 8 + 6 = 0. Suppose -d*g + 300 = -36. What is the highest common divisor of 14 and g?
14
Let s(a) = 9*a**3 - 110*a**2 + 25*a - 1. Let f be s(12). What is the greatest common factor of 869 and f?
11
Let j be 2310/15 - 3*1. Suppose 4*t - j - 81 = 0. Calculate the highest common factor of t and 116.
58
Let q be ((-32)/(-112))/1*35. Suppose -3*f + 238 = 2*s, 5*f - 2*s - 521 = -119. Calculate the greatest common divisor of q and f.
10
Let q = -3 + 10. Suppose 4669 + 3220 = 161*d. Calculate the greatest common divisor of d and q.
7
Let h(z) be the third derivative of -3*z**4/4 - 38*z**3/3 - 23*z**2. Let p be h(-6). Calculate the highest common divisor of 40 and p.
8
Suppose -5 = 578*d - 579*d, 3*d + 41 = 4*t. Suppose 82 + 143 = -5*s - 3*f, 4*f + 225 = -5*s. Let c = 115 + s. What is the highest common divisor of c and t?
14
Suppose 42508 = 24*f - 50132. What is the greatest common divisor of 20 and f?
20
Let i = 140 - -70. Let f(j) = -j**2 + 19*j + 66. Let y be 130/(-52)*72/(-10). Let n be f(y). What is the greatest common factor of i and n?
42
Let c be 10*1/4*-2. Let y be c - 1/(0 + -1)*-3. Let q be 0/(8 - 3) - y/2. What is the greatest common divisor of q and 32?
4
Let o = -39497 + 45209. What is the highest common divisor of o and 3927?
357
Suppose -5925*s - 840 = -5946*s. Calculate the highest common divisor of s and 1345.
5
Let w(b) = -9*b + 79. Let j be w(7). Let a be 2*(-4)/j*-28. What is the greatest common factor of a and 28?
14
Let f = -55 + 60. Suppose f*m - 2*z - 128 = -0*m, 4*m = -3*z + 107. Let s = 69 - m. Calculate the greatest common factor of s and 86.
43
Suppose -36*n + 65*n + 5220 = 0. Let t = -174 - n. Calculate the greatest common factor of 50 and t.
2
Suppose -12993 + 2058 = -9*a. Suppose -a = 119*q - 128*q. Calculate the greatest common